d3cc37?
d3cc39
In base 14, what is -19d50 - 323?
-1a273
In base 16, what is 2bf - -138e5?
13ba4
In base 9, what is -143 + 10754?
10611
In base 14, what is 2d58 - 2d0?
2a68
In base 6, what is 420530230 + -5?
420530221
In base 12, what is -331a8 + 1a34?
-31374
In base 5, what is 24 - 4340000443?
-4340000414
In base 10, what is -75 - 356471?
-356546
In base 10, what is 94948 + -2098?
92850
In base 3, what is 12120112010202100 - -1?
12120112010202101
In base 2, what is 11011011100010111110 + 1001100?
11011011100100001010
In base 2, what is 1100100110 + -10000100010?
-11111100
In base 2, what is -111101101000000000101 + 1010?
-111101100111111111011
In base 7, what is -6 - 353611225?
-353611234
In base 15, what is 2e30 - -19e?
30ce
In base 10, what is -538103 + 155?
-537948
In base 9, what is -12 + -1427566?
-1427578
In base 7, what is -111151540 + -2?
-111151542
In base 5, what is -1332 - 434433031?
-434434413
In base 4, what is -123 - -332012232323?
332012232200
In base 2, what is -11111000000010010000011 - -10?
-11111000000010010000001
In base 9, what is -105043 + 1364?
-103568
In base 13, what is 5 - 628c9?
-628c4
In base 14, what is 5 + -4a1a42?
-4a1a3b
In base 13, what is 5397 - 266?
5131
In base 16, what is 12ec + 41af?
549b
In base 11, what is 0 - 4180a98?
-4180a98
In base 6, what is -45 + -2410125?
-2410214
In base 5, what is 11 + -403332212?
-403332201
In base 16, what is 4 - -261fab?
261faf
In base 2, what is 11110011110 + 110011000?
100100110110
In base 10, what is 177 - 14662?
-14485
In base 6, what is -420545 - 40412?
-501401
In base 2, what is -100111000001110111 + 111000?
-100111000000111111
In base 12, what is 21684 - -123b3?
33a77
In base 6, what is 2 - 15143402511?
-15143402505
In base 11, what is 1a6 - 5644a?
-56254
In base 9, what is 128470 - 487?
127872
In base 9, what is -1280 - -1310?
20
In base 5, what is 0 - 2230131330?
-2230131330
In base 6, what is 4222 - -143224?
151450
In base 16, what is -1cb1dc78 + 5?
-1cb1dc73
In base 7, what is 135162 - 210?
134652
In base 11, what is 6 - 4039856?
-4039850
In base 7, what is -2 + -431610224?
-431610226
In base 2, what is 0 + -110110101000000100110100001?
-110110101000000100110100001
In base 3, what is 200100 - 101001022?
-100100222
In base 13, what is -3274312 + -2?
-3274314
In base 12, what is 14319 + -2745?
11794
In base 4, what is 1031320 + 11123002?
12220322
In base 7, what is -135315001 + 1?
-135315000
In base 15, what is e - -23b6d42?
23b6d51
In base 3, what is 12 + 12200102001102?
12200102001121
In base 2, what is -11110001011 + -1010101000101011?
-1011000110110110
In base 12, what is 4687853 - -1?
4687854
In base 4, what is 32233120313221 + 11?
32233120313232
In base 4, what is 10133110003 - 131?
10133103212
In base 13, what is -174b882 + 2?
-174b880
In base 16, what is 3ecfd8 + -2?
3ecfd6
In base 3, what is 22 - -10102220110201?
10102220111000
In base 12, what is 84 - 61ab92?
-61ab0a
In base 10, what is -12756237 + 1?
-12756236
In base 3, what is 1112201122110 - -1001?
1112201200111
In base 16, what is 80 + -5d9a?
-5d1a
In base 9, what is 12 + -3131332?
-3131320
In base 9, what is -8656 + 20555?
10788
In base 13, what is -bc7ca - 3?
-bc800
In base 15, what is 1aa66 + -152?
1a914
In base 16, what is -5 + 2e454cb?
2e454c6
In base 14, what is 4 - 328dbb?
-328db7
In base 7, what is -1023034 + -111?
-1023145
In base 8, what is -171 + -2011756?
-2012147
In base 5, what is 2240314342 - 1431?
2240312411
In base 14, what is 8cd6 - -c83?
9b79
In base 16, what is 109735 - 26f?
1094c6
In base 2, what is 101001111 - -100101011110101?
100110001000100
In base 11, what is -394111 + 9?
-394103
In base 11, what is 52a7 + a43?
623a
In base 7, what is 31134 - -162032?
223166
In base 10, what is 5034481 + -36?
5034445
In base 2, what is 1011101001100010100011 + 10?
1011101001100010100101
In base 5, what is 40330041011 - 0?
40330041011
In base 13, what is 551a3 + 7c?
55252
In base 6, what is 1401232 - -1235?
1402511
In base 5, what is -1241430412100 + 3?
-1241430412042
In base 14, what is -5 + -138ad3d6?
-138ad3db
In base 3, what is -2201 + -1221210120221?
-1221210200122
In base 9, what is -183 - 2148851?
-2150144
In base 13, what is 0 + 110c93b?
110c93b
In base 14, what is 171 + -1bc?
-4b
In base 7, what is -31100530 + -65?
-31100625
In base 15, what is 35 + -95de2?
-95dac
In base 3, what is -1200201002011 - 2?
-1200201002020
In base 16, what is 16d6d5 - 27?
16d6ae
In base 15, what is 12 - 3198a?
-31978
In base 15, what is 1ec + 15b58?
15d55
In base 2, what is -1 + -1101101101101000100101?
-1101101101101000100110
In base 7, what is 1010 - 351531?
-350521
In base 6, what is 5 + 155402141?
155402150
In base 11, what is -2 - -9796685?
9796683
In base 5, what is 13041442 - 1112?
13040330
In base 11, what is 128796098 - -3?
1287960a0
In base 13, what is 2c14 + 454?
3368
In base 14, what is 9542 - -c2b?
a36d
In base 14, what is -c2c + 72ca?
649c
In base 13, what is 5 - 56a872?
-56a86a
In base 7, what is -33355630 - -5?
-33355622
In base 11, what is -474 + -22016?
-2248a
In base 16, what is 1102e - -a3?
110d1
In base 16, what is -126d47da + -3?
-126d47dd
In base 10, what is -6045357 - 108?
-6045465
In base 3, what is 2 + -21020112122022111?
-21020112122022102
In base 3, what is -120100020220 - -2221?
-120100010222
In base 7, what is 10125 + -102326?
-62201
In base 15, what is 25e - -1a0e?
1c6d
In base 11, what is 17a995 + -111?
17a884
In base 9, what is 253453887 - -3?
253454001
In base 12, what is 3623 + 4404?
7a27
In base 5, what is -3101 + -2004444?
-2013100
In base 9, what is 1672834 + -46?
1672777
In base 2, what is -1110000 + -10001011001000010101010?
-10001011001000100011010
In base 12, what is 97a - 7397?
-6619
In base 11, what is -181636235 + 5?
-181636230
In base 2, what is 1010101111 - 100010111?
110011000
In base 15, what is 83e12a1 - -2?
83e12a3
In base 12, what is a6 - -383601?
3836a7
In base 10, what is 541 - -12894?
13435
In base 12, what is 7463 - -8b34?
14397
In base 16, what is 1 + -3069ea?
-3069e9
In base 14, what is 575398 - 11?
575387
In base 8, what is -44 - -217212?
217146
In base 8, what is -5 - -12611222?
12611215
In base 2, what is -10110100101101011100 + -110011?
-10110100101110001111
In base 9, what is -827 + -117613?
-118541
In base 2, what is -10011 + -10001011100100100000?
-10001011100100110011
In base 12, what is 927375 - -5?
92737a
In base 2, what is 1000100010000111011101101101 - -10?
1000100010000111011101101111
In base 8, what is 5451 - 562604?
-555133
In base 14, what is -14a4 + -25d?
-1723
In base 5, what is 1101 - -4332031?
4333132
In base 16, what is 15f80 - -229?
161a9
In base 8, what is 1443320 + -3?
1443315
In base 3, what is -12 + 21110012000?
21110011211
In base 6, what is 220234 - 53515?
122315
In base 6, what is 12002 - 1335?
10223
In base 14, what is -422d + 284?
-3d89
In base 9, what is -18558 + -2315?
-21874
In base 2, what is -101 - 100100100110010000110111?
-100100100110010000111100
In base 11, what is 765 - -1792?
2447
In base 11, what is 99a19 + -126?
998a3
In base 11, what is 0 - 8901808?
-8901808
In base 9, what is -105265 - 3522?
-108787
In base 12, what is 12a + -546?
-418
In base 5, what is 3 + -32040240241?
-32040240233
In base 14, what is -1 - -1a2c321?
1a2c320
In base 9, what is 64 - -401526?
401601
In base 4, what is 2032212 + -111100213?
-103002001
In base 6, what is 4443352 + 250?
4444042
In base 12, what is 1464375 - -5?
146437a
In base 6, what is 412 - -53253320?
53254132
In base 9, what is -25668 - 760?
-26538
In base 4, what is -3201323313311 - 0?
-3201323313311
In base 12, what is -220551 + -7?
-220558
In base 12, what is 735 - -2161?
2896
In base 14, what is 281bb3 + 6?
281bb9
In base 2, what is 1001011111011100 - 1111101001011?
111100010010001
In base 4, what is -1 + 113131300201?
113131300200
In base 5, what is -1 - 31340414204?
-31340414210
In base 3, what is 20 - -10212200001001?
10212200001021
In base 2, what is -110111100010001001 + -1101?
-110111100010010110
In base 11, what is 3a449 - -28?
3a476
In base 7, what is -4 + 41303361?
41303354
In base 13, what is -11910a - 29?
-119136
In base 7, what is 4503061 - -6?
4503100
In base 6, what is -3052015 + 45?
-3051530
In base 5, what is -40030034 + -20?
-40030104
In base 13,